culate 8 + 7 + (-25 - 4) + 21.
7
Calculate 37 - (204 + 32 + -140).
-59
What is the value of (-23 - -6) + -2 + (44 - 23) + -24?
-22
What is 54 - (6 + (27 - (27 + -8)))?
40
Evaluate -7 - -88 - 122 - 48.
-89
Calculate 22 + 6 + -4 + (-302 - -319) - (7 - 2).
36
Calculate 67 + 4 + (42 - 39) + -22.
52
What is 80 + (129 - 34) + -105?
70
41 - (153 - 125) - (-1 + -6 + -1)
21
What is the value of 22 + -2 + -53 + -18 + 7?
-44
What is 16 - (2 + 3 + 2 - (-259 + 258))?
8
Calculate (-46 + 0 - -2) + -202 + 220.
-26
What is the value of -23 + (-12 - (-17 + 12 - 12))?
-18
Evaluate 18 + -59 + 116 + (-33 - -2).
44
Calculate 112 - (19 + 113 - 149).
129
Calculate -4 + (25 - (-8 + (3 - -19))).
7
What is the value of -56 + (-72 - -122) + (11 - (1 + 1 - -1))?
2
Calculate 215 + -62 + -35 - -8.
126
-142 - (-167 + 69) - (3 + 53)
-100
31 + 38 + -35 - 36 - (-1 + -2 - -5)
-4
Evaluate (1 - (-89 + 37)) + -26.
27
21 + (-156 - -29 - -38)
-68
7 + -70 + (80 - 42) + -2
-27
Evaluate 46 + (-68 - -30) + 25.
33
Evaluate -11 - (-42 - 97) - 43.
85
56 + -9 + -98 - -73
22
Calculate -6 + (20 + 55 - 30) + -36.
3
What is -32 - (-9 + 1 + (999 - 1026))?
3
Evaluate 48 - ((-1 + -26 - -31) + (1 - (1 + 1))).
45
What is (5 - 1) + (-9 + -48 + 24 + 13 - 6)?
-22
What is the value of 32 + 174 + -102 - 120?
-16
What is the value of -120 + (5 - -6) - (13 + 16 + -45)?
-93
Calculate (-45 + (-14 - -11) - 3) + 4 + -4.
-51
What is (186 - 175) + (40 + 5 - -5 - (7 - 3))?
57
(1 - -9) + -120 - (7 + (7 - 12 - -8))
-120
Calculate (371 - 400) + (-49 - 1) - -24.
-55
What is (277 - 264) + (-30 - -36) + (0 - -34)?
53
Evaluate (-12 + (11 - 3) + -8 - (-5 + 0)) + -16.
-23
-22 - (-56 + 2 + 45)
-13
What is the value of (-10 + -12 - -12 - -30) + -8?
12
What is -59 + 64 + 10 - 67?
-52
Calculate (-72 - 44) + 270 + -72.
82
Evaluate 1 + 7 - ((69 - 5) + -802 + 653).
93
Evaluate -26 - (-43 - (-61 - -46)).
2
What is the value of 12 - (-10 - (-27 - 11)) - 88?
-104
Evaluate (-2 - (2 - (1 + 13))) + (-23 - -205) + -111.
81
What is 15 - (-3 + (-8 - -32) + -13)?
7
Calculate -52 + 66 - (-46 - -26).
34
-1 + 2 - 7 - ((-112 - -120) + -1)
-13
Calculate 103 - (-104 + 215 - 31).
23
What is the value of 25 - ((39 + -20 - 33) + 10)?
29
-14 + (10 - (-10 - (-4 - 5))) - -39
36
-35 + 38 + -8 + (20 - 1)
14
Evaluate 0 + 0 - (-2 + -30) - (10798 + -10788).
22
-53 + -12 + (13 - 6) + -4 + 21 + -1
-42
What is 9 + 40 + (6 - -6) + -27?
34
Evaluate (1 + 1 + 1 - 42) + (-101 + 104 - 17).
-53
Calculate -115 - ((-19 - (-27 - -20) - -12) + 14).
-129
What is the value of 43 - (55 - 15) - (3 - -17)?
-17
Calculate -26 + (-12 - (2 + 6 + -9)) - (-3 + -2).
-32
What is -15 - ((9 - 1 - 1) + (-48 + -13 - -59))?
-20
What is -38 + -1 - 3 - (1099 + -1033)?
-108
Evaluate -7 + (-15 - (3 + -18) - -15).
8
-1 + 0 - (-22 + 9 + 5 - -18) - 45
-56
What is the value of 11 - 13 - 5 - -6 - 45?
-46
Calculate (145 - 25) + (-191 - 22).
-93
-136 + 5 - 8 - (-11 - ((-11 - 0) + 15))
-124
Evaluate (0 - 11 - (-36 - (-15 + -14))) + -3 - 82.
-89
What is -22 - (51 + -11 + -67)?
5
Calculate -75 + -101 + 39 + 227.
90
1 + -39 + -22 + (-27 - (-40 - -3))
-50
(19 - -2) + 0 - (42 + (-187 - -133))
33
What is the value of (39 - 76) + 7 + -31 + -27?
-88
-95 - ((-182 - -68) + 56)
-37
What is (-23 + 17 + 19 - 42 - -3) + -6?
-32
-1 + -30 + (4 + -6 - (31 + (-7 - 35)))
-22
Evaluate 3 - 14 - (51 - 41 - -1).
-22
-19 + 51 + -26 - -19
25
Calculate 136 + (92 - 148) - (-2 + 1).
81
Calculate -233 + (-102 - -330) + -65.
-70
What is (3 - -1) + (-1 - (-8 - -17) - -5) + -39?
-40
-8 - (-39 + (-10 + 2 - (-10 - (-5 - 6))))
40
What is (-44 - -5) + 69 - 35?
-5
Calculate 1 + -1 + 3 - (61 + (-1 - 7)) - -8.
-42
What is 6 + -6 + -92 - ((-2 - -20) + -36 + 14)?
-88
Calculate (-39 - -55 - -121 - 61) + (-1 - -11).
86
What is the value of (36 - 29) + -79 + 23?
-49
What is 9 + (6 - 2 - 7) + (30 - 24) + 17?
29
What is (14 + -8 - (99 - 2)) + -30 + 27 + 7?
-87
-30 + (9 - 17) - (-3 + -17)
-18
990 + -980 + (-13 + -1 - -4)
0
What is the value of 1 + 1 + -18 + 33 + (105 - 56) + -91?
-25
What is -134 + 134 - (-4 - 34)?
38
What is the value of (-51 - -103) + -61 - (-1 - -48 - (2 - 2))?
-56
Evaluate (106 - 3) + -34 + -9 + (10 - -36).
106
Calculate 29 + 15 + -15 + -62.
-33
Calculate (52 - 1) + (10 - 9 - 3 - (0 - -1)).
48
What is the value of 46 - ((165 - 54) + -63)?
-2
21 - 11 - (4 - -2) - (16 + 0)
-12
(-73 - -6) + -27 + 82
-12
(-766 - -851) + (0 + (4 - 3) - 19)
67
What is the value of 1 + (-1 - -8) - (35 - 30 - (-12 + 5))?
-4
Calculate -6 - -5 - (25 - 41).
15
1 + -9 - (6 - -16 - 62) - -3
35
Evaluate -31 - (-354 + 366 + (0 - -4)) - 3.
-50
Evaluate (18 + -29 + 14 - 2) + (95 - (16 - 13)).
93
What is -234 + 235 + 2 + 1 + (1 - 0) + -2?
3
Evaluate (58 - (5 + -12)) + -12 + -6.
47
What is 78 + -39 - 48 - 35?
-44
What is 7 + -15 + 48 + (32 - 42)?
30
What is the value of (-276 - -38 - -118) + 123?
3
141 + -130 + -1 + (-1 - -20)
29
Calculate (4 - (-2 - -21)) + (7 + -43 - -80).
29
What is (-5 - (-8 + 5)) + (-5 + 11 - 13) + 60?
51
Calculate -76 + -8 + 96 + 52.
64
Evaluate 552 - 533 - (3 + (5 - (65 - 1))).
75
What is the value of -39 - (-41 - 38) - 47?
-7
Evaluate -50 + (60 - 2) + (-2 - -1) + 0 + 16.
23
What is (49 - (42 + 2)) + 18 - (-23 - -3)?
43
(-100 - (-30 + -36)) + 73
39
(4 - (16 + -7)) + -31 + -84 + 131
11
121 + -73 + -62 + -24
-38
5 + 24 + 0 + 3 - (4499 - 4510)
43
What is 119 + -23 + (10 - 2 - 27)?
77
Calculate 174 + -82 + -45 - (9 - (-2 - 0)).
36
What is the value of 2 + (0 - 0) + -29 + (-3751 - -3741)?
-37
Evaluate -13 + 42 + 12 + -77.
-36
Evaluate 14 + 43 - 15 - ((-2 - 2) + -12).
58
What is 17 - (34 + -2 + -17 + -1) - -19?
22
Calculate -28 + (21 - -1) + -27 + (12 - -9).
-12
Evaluate (1 - 47) + 7477 + -7372.
59
Calculate (-5 - -13) + 0 + (5 - 4) + -40.
-31
What is the value of -40 + -7 - (-62 + 12)?
3
What is the value of (-364 - -352) + (-5 + -2 - 13)?
-32
Evaluate (9 - 71) + 49 + -7.
-20
Evaluate 11 + -29 + 3 + 28 + (2 - (4 - -3)).
8
7 + (41 - 31) - (0 + 53 + -6)
-30
What is the value of (-1 - -35) + -3926 + 3874?
-18
Calculate -112 - -44 - (26 + -20 + -15).
-59
What is (-365 - -365) + 4 + 6 + 9?
19
Evaluate 16 + (16 - (-8 - -17 - 2)) + 5.
30
Evaluate -4 + (-33 - -157) + -145.
-25
What is 16 - (-22 + 26) - 5?
7
Calculate 14 - ((5 - (-5 + -8)) + (-4 - -26)).
-26
What is 0 + 0 + -34 - (-20241 - -20227)?
-20
Calculate 38 + (-104 - (-25 - -29 - 36)).
-34
(-1399 - -1423) + (-65 - (-1 - 3))
-37
What is the value of 6 - (33 + (-12 - -25) + -23)?
-17
Calculate (8 + -2 - 2) + (49 + -36 - 4) - 99.
-86
Calculate -32 + (-45 + -10 - -49).
-38
Evaluate (1 - (-10 + (8 - -6) + 16 + -16)) + -1.
-4
313 + -323 + -1 + 63
52
Calculate -50 + (151 - 67) + 21.
55
-36 + (-142 - -285) + -64
43
Calculate -1 - (-35 + (1 - 2)) - (-14880 - -14872).
43
What is the value of (-12 - (3 - 1)) + (-698 - -675)?
-37
What is the value of -3 + (13 - (-67 + 42))?
35
(-40 - -42) + -2 + 1 + 6 + 46
53
What is 19 - (-30 + 23 + 4 + 3 + -1)?
20
Calculate -29 + 29 + 42 - 79.
-37
Evaluate -11480 - -11485 - (2 + (51 + 0 - 1) + -1).
-46
Evaluate 41 + -41 + 32 + 0 + -26.
6
Evaluate 16 - (-1 + 19 + -51).
49
Calculate (351 - 346) + -5 + 18 + 8.
26
Evaluate 131 - 46 - 73 - (-3 + (-8 - 2 - -3)).
22
Evaluate -1 + -122 + 2006 + -1952.
-69
What is the value of (-20 - (-38 + -10)) + -26 + -28?
-26
What is the value of (175 - 230) + 6 + -2 + (-18 + 11 - 0)?
-58
What is the value of 142 - 38 - (-8 + 27 - -8)?
77
Evaluate 86 + (-69 - (-13 + 24)).
6
Evaluate -7 - ((7 - (-10 - (-22 - -2) - 6)) + -11).
1
Evaluate 7 + -11 + 16 + -55 + -2.
-45
Evaluate -4 - (-107 - (-52 - -22) - 28).
101
Calculate -49 - -108 - 144 - -135.
50
Calculate -3611 + 3618 + (34 - 0).
41
Evaluate 6 - (-14 - (-20 + (7 - -6) - 14)).
-1
What is the value of (54 - 63) + 3 + 8 + (65 - 0) + -1?
66
(38 - 49 - (-6 - 16) - (-3 - 5)) + 4
23
What is the value of -6 + 41 - (-526 - -642)?
-81
What is -125 - (-490 - -119) - 120?
126
Calculate -3 - (0 - 111) - ((41 - (8 + 19)) + -10).
104
Calculate (58 - 173 - -81) + (119 - 10).
75
Calculate 17 + -1 + (-1 + 1 - ((-20 - -51) + -31)).
16
6 + ((-2 + -6 - 2) + -492 + 513 - 10)
7
13 - (8 - 59 - 1) - (-34 - -43)
56
What is the value of -61 + (14 + -3 - (1 - -24)) + (11 - 7)?
-71
Calculate 22 - (-29 + (57 - -22) + -20).
-8
Calculate (-16 - ((19 - 0) + -18)) + 13 + 2 + -26.
-28
Calculate -6 + 5 + -4 + (26 - (3 + 